1) to base 12
-32
c (base 16) to base 15
c
22202 (base 3) to base 6
1032
Convert -165 (base 11) to base 3.
-21010
-8 (base 12) to base 13
-8
10 (base 10) to base 9
11
-2b (base 16) to base 7
-61
Convert 110011 (base 3) to base 7.
646
Convert 100011 (base 2) to base 5.
120
What is 3 (base 6) in base 3?
10
What is 3 (base 16) in base 13?
3
-99 (base 14) to base 11
-113
-c (base 16) to base 14
-c
-331 (base 4) to base 16
-3d
Convert 51 (base 9) to base 12.
3a
Convert 10 (base 5) to base 14.
5
11 (base 4) to base 6
5
125 (base 9) to base 14
76
What is 11 (base 5) in base 14?
6
What is -5 (base 13) in base 7?
-5
Convert -9 (base 15) to base 11.
-9
42 (base 5) to base 12
1a
Convert 0 (base 5) to base 14.
0
What is 0 (base 6) in base 16?
0
What is 1 (base 11) in base 6?
1
Convert -1 (base 11) to base 5.
-1
What is -5 (base 11) in base 14?
-5
20 (base 6) to base 14
c
Convert -24 (base 9) to base 8.
-26
Convert -216 (base 8) to base 13.
-ac
Convert 2 (base 10) to base 7.
2
Convert -14 (base 14) to base 12.
-16
-2 (base 4) to base 9
-2
What is -2 (base 11) in base 2?
-10
Convert 2142 (base 5) to base 8.
451
-13 (base 15) to base 11
-17
What is 5 (base 13) in base 2?
101
What is 1 (base 6) in base 10?
1
Convert -3 (base 6) to base 15.
-3
1 (base 10) to base 14
1
What is 190 (base 10) in base 4?
2332
-142 (base 14) to base 11
-211
Convert 102 (base 7) to base 9.
56
Convert 23 (base 6) to base 4.
33
100100 (base 2) to base 13
2a
Convert 144 (base 7) to base 12.
69
0 (base 8) to base 6
0
What is 42 (base 16) in base 12?
56
Convert -f (base 16) to base 4.
-33
Convert -2220 (base 3) to base 6.
-210
Convert 0 (base 10) to base 4.
0
Convert -17 (base 11) to base 16.
-12
Convert 2 (base 16) to base 12.
2
What is -22 (base 3) in base 14?
-8
What is -6 (base 14) in base 10?
-6
Convert 12 (base 10) to base 4.
30
What is 42 (base 6) in base 4?
122
Convert -1010101 (base 2) to base 10.
-85
Convert -3 (base 16) to base 8.
-3
-33 (base 5) to base 9
-20
-17 (base 13) to base 12
-18
50 (base 6) to base 9
33
What is 8 (base 11) in base 13?
8
Convert 14 (base 9) to base 14.
d
0 (base 16) to base 12
0
What is 0 (base 3) in base 14?
0
-3 (base 4) to base 12
-3
Convert 1 (base 2) to base 16.
1
Convert 53 (base 6) to base 11.
30
What is -24 (base 6) in base 5?
-31
What is 101 (base 3) in base 8?
12
What is 20 (base 3) in base 13?
6
10 (base 12) to base 5
22
-17 (base 16) to base 3
-212
Convert 2 (base 12) to base 13.
2
What is 21 (base 6) in base 7?
16
Convert 31 (base 13) to base 14.
2c
What is 20 (base 4) in base 2?
1000
-6 (base 13) to base 8
-6
What is -4 (base 5) in base 6?
-4
What is -195 (base 11) in base 14?
-121
-8a (base 11) to base 12
-82
What is 0 (base 11) in base 14?
0
What is -82 (base 13) in base 15?
-71
Convert -142 (base 6) to base 12.
-52
49 (base 10) to base 3
1211
Convert -7 (base 8) to base 16.
-7
What is 6 (base 16) in base 5?
11
What is 77 (base 13) in base 5?
343
What is -424 (base 6) in base 3?
-12221
Convert 11 (base 4) to base 8.
5
7 (base 9) to base 10
7
What is -2 (base 7) in base 4?
-2
Convert 1 (base 3) to base 5.
1
Convert -2 (base 10) to base 6.
-2
3 (base 5) to base 16
3
0 (base 5) to base 11
0
What is 25 (base 8) in base 14?
17
Convert -3 (base 16) to base 4.
-3
-11101 (base 2) to base 14
-21
-5 (base 13) to base 11
-5
What is -2 (base 15) in base 10?
-2
Convert -73 (base 8) to base 3.
-2012
f (base 16) to base 6
23
-2 (base 4) to base 3
-2
75 (base 16) to base 14
85
Convert 16 (base 9) to base 8.
17
-8 (base 14) to base 6
-12
-2 (base 16) to base 9
-2
2 (base 10) to base 2
10
1120 (base 5) to base 14
b6
Convert -23 (base 7) to base 13.
-14
Convert 121 (base 3) to base 9.
17
What is -2 (base 3) in base 15?
-2
What is 10110110 (base 2) in base 3?
20202
What is 115 (base 8) in base 6?
205
4 (base 13) to base 12
4
Convert 110 (base 6) to base 14.
30
3 (base 13) to base 9
3
What is 4 (base 15) in base 2?
100
78 (base 15) to base 3
11012
What is -3 (base 14) in base 13?
-3
-451 (base 6) to base 2
-10101111
-57 (base 9) to base 16
-34
What is -8 (base 15) in base 7?
-11
What is 4 (base 10) in base 13?
4
What is 0 (base 7) in base 14?
0
What is 97 (base 10) in base 13?
76
1100001 (base 2) to base 14
6d
What is -100 (base 3) in base 2?
-1001
Convert -15 (base 9) to base 4.
-32
-56 (base 10) to base 3
-2002
Convert 0 (base 7) to base 9.
0
Convert 3 (base 14) to base 7.
3
212 (base 3) to base 5
43
What is -2 (base 8) in base 10?
-2
Convert -2 (base 8) to base 15.
-2
Convert -401 (base 5) to base 2.
-1100101
Convert 5 (base 6) to base 3.
12
Convert 1 (base 16) to base 14.
1
Convert 325 (base 11) to base 9.
473
What is -40 (base 16) in base 14?
-48
-28 (base 13) to base 8
-42
-13 (base 11) to base 10
-14
What is 19 (base 10) in base 13?
16
8 (base 10) to base 16
8
-ab (base 12) to base 13
-a1
What is cb (base 13) in base 3?
20012
-240 (base 13) to base 4
-12012
-4 (base 14) to base 13
-4
Convert 30 (base 5) to base 2.
1111
-1013 (base 5) to base 10
-133
-1 (base 4) to base 16
-1
-263 (base 7) to base 4
-2033
What is 4 (base 13) in base 4?
10
What is -23 (base 5) in base 13?
-10
23 (base 6) to base 15
10
Convert 1 (base 16) to base 13.
1
Convert 221 (base 3) to base 7.
34
Convert -9 (base 10) to base 11.
-9
-57 (base 12) to base 7
-124
What is -10 (base 10) in base 12?
-a
-6 (base 16) to base 4
-12
What is 32 (base 5) in base 2?
10001
102 (base 3) to base 12
b
-4 (base 10) to base 4
-10
What is 123 (base 11) in base 13?
b3
-a0 (base 12) to base 2
-1111000
Convert -1111 (base 5) to base 13.
-c0
-102100 (base 3) to base 16
-132
11001 (base 2) to base 12
21
What is 2 (base 16) in base 13?
2
-13 (base 10) to base 7
-16
Convert -20 (base 3) to base 13.
-6
Convert -30 (base 14) to base 11.
-39
102 (base 14) to base 3
21100
What is -21 (base 10) in base 7?
-30
What is 111 (base 7) in base 11?
52
Convert -48 (base 15) to base 9.
-75
105 (base 6) to base 14
2d
Convert 15 (base 9) to base 14.
10
-66 (base 7) to base 5
-143
Convert 321 (base 6) to base 9.
144
22 (base 4) to base 13
a
Convert -11 (base 5) to base 9.
-6
-a (base 13) to base 2
-1010
What is -3 (base 13) in base 15?
-3
13 (base 11) to base 3
112
Convert -4 (base 6) to base 5.
-4
What is -16d (base 14) in base 13?
-197
-1 (base 14) to base 12
-1
Convert -47 (base 12) to base 14.
-3d
11120 (base 3) to base 6
323
Convert -38 (base 12) to base 15.
-2e
What is 4 (base 7) in base 3?
11
1000 (base 2) to base 8
10
What is -43 (base 15) in base 2?
-111111
What is -32 (base 13) in base 9?
-45
Convert 230 (base 7) to base 15.
7e
What is -3 (base 6) in base 12?
-3
Convert -3 (base 4) to base 7.
-3
5 (base 11) to base 4
11
-118 (base 12) to base 6
-432
44 (base 10) to base 13
35
What is -3 (base 10) in base 2?
-11
-94 (base 13) to base 15
-81
62 (base 9) to base 15
3b
2 (base 15) to base 16
2
What is -20 (base 11) in base 9?
-24
2002 (base 5) to base 9
310
What is 50 (base 11) in base 16?
37
-5 (base 10) to base 6
-5
What is 63 (base 7) in base 10?
45
What is 15 (base 6) in base 13?
b
What is a (base 15) in base 10?
10
Convert 28 (base 13) to base 16.
22
Convert 60 (base 16) to base 9.
116
Convert 17 (base 9) to base 8.
20
What is 1 (base 5) in base 15?
1
What is -123 (base 4) in base 7?
-36
Convert 12 (base 4) to base 16.
6
Convert 2 (base 9) to base 5.
2
What is 111 (base 2) in base 4?
13
Convert 167 (base 8) to base 13.
92
a (base 13) to base 12
a
What is -10111 (base 3) in base 14?
-6a
What is -12 (base 3) in base 10?
-5
Convert -162 (base 8) to base 14.
-82
Convert -6 (base 14) to base 5.
-11
14 (base 10) to base 16
e
Convert 3 (base 7) to base 10.
3
205 (base 12) to base 14
16d
Convert -c (base 13) to base 15.
-c
Convert -c4 (base 14) to base 8.
-254
What is -12 (base 12) in base 3?
-112
-3 (base 15) to base 14
-3
2 (base 3) to base 6
2
What is -12 (base 3) in base 15?
-5
What is -4 (base 8) in base 7?
-4
What is 163 (base 16) in base 9?
434
1 (base 15) to base 9
1
-11 (base 3) to base 8
-4
What is 1 (base 4) in base 15?
1
What is -ef (base 16) in base 11?
-1a8
Convert 2 (base 3) to base 5.
2
What is -110000 (base 2) in base 4?
-300
Convert -100020 (base 3) to base 4.
-3321
3 (base 7) to base 3
10
Convert -2 (base 5) to base 12.
-2
Convert 14 (base 10) to base 16.
e
-11 (base 4) to base 5
-10
Convert 122